{"id":518,"date":"2023-02-27T23:01:10","date_gmt":"2023-02-27T23:01:10","guid":{"rendered":"http:\/\/buddharashmi.org\/?page_id=518"},"modified":"2023-02-27T23:35:26","modified_gmt":"2023-02-27T23:35:26","slug":"fourth-buddhist-council","status":"publish","type":"page","link":"https:\/\/buddharashmi.org\/?page_id=518","title":{"rendered":"Fourth Buddhist Council"},"content":{"rendered":"\t\t<div data-elementor-type=\"wp-page\" data-elementor-id=\"518\" class=\"elementor elementor-518\">\n\t\t\t\t\t\t<section class=\"elementor-section elementor-top-section elementor-element elementor-element-123d3a2f elementor-section-boxed elementor-section-height-default elementor-section-height-default\" data-id=\"123d3a2f\" data-element_type=\"section\" data-e-type=\"section\">\n\t\t\t\t\t\t<div class=\"elementor-container elementor-column-gap-default\">\n\t\t\t\t\t<div class=\"elementor-column elementor-col-50 elementor-top-column elementor-element elementor-element-157c59bd\" data-id=\"157c59bd\" data-element_type=\"column\" data-e-type=\"column\">\n\t\t\t<div class=\"elementor-widget-wrap elementor-element-populated\">\n\t\t\t\t\t\t<div class=\"elementor-element elementor-element-49e857f4 elementor-widget elementor-widget-heading\" data-id=\"49e857f4\" data-element_type=\"widget\" data-e-type=\"widget\" data-widget_type=\"heading.default\">\n\t\t\t\t<div class=\"elementor-widget-container\">\n\t\t\t\t\t<h2 class=\"elementor-heading-title elementor-size-default\">Related Pages<\/h2>\t\t\t\t<\/div>\n\t\t\t\t<\/div>\n\t\t\t\t<div class=\"elementor-element elementor-element-2b1e8ef elementor-icon-list--layout-traditional elementor-list-item-link-full_width elementor-widget elementor-widget-icon-list\" data-id=\"2b1e8ef\" data-element_type=\"widget\" data-e-type=\"widget\" data-widget_type=\"icon-list.default\">\n\t\t\t\t<div class=\"elementor-widget-container\">\n\t\t\t\t\t\t\t<ul class=\"elementor-icon-list-items\">\n\t\t\t\t\t\t\t<li class=\"elementor-icon-list-item\">\n\t\t\t\t\t\t\t\t\t\t\t<a href=\"https:\/\/buddharashmi.org\/?page_id=483\">\n\n\t\t\t\t\t\t\t\t\t\t\t<span class=\"elementor-icon-list-text\">Introduction to Buddhist Councils<\/span>\n\t\t\t\t\t\t\t\t\t\t\t<\/a>\n\t\t\t\t\t\t\t\t\t<\/li>\n\t\t\t\t\t\t\t\t<li class=\"elementor-icon-list-item\">\n\t\t\t\t\t\t\t\t\t\t\t<a href=\"https:\/\/buddharashmi.org\/?page_id=491\">\n\n\t\t\t\t\t\t\t\t\t\t\t<span class=\"elementor-icon-list-text\">First Buddhist council<\/span>\n\t\t\t\t\t\t\t\t\t\t\t<\/a>\n\t\t\t\t\t\t\t\t\t<\/li>\n\t\t\t\t\t\t\t\t<li class=\"elementor-icon-list-item\">\n\t\t\t\t\t\t\t\t\t\t\t<a href=\"https:\/\/buddharashmi.org\/?page_id=499\">\n\n\t\t\t\t\t\t\t\t\t\t\t<span class=\"elementor-icon-list-text\">Second Buddhist council<\/span>\n\t\t\t\t\t\t\t\t\t\t\t<\/a>\n\t\t\t\t\t\t\t\t\t<\/li>\n\t\t\t\t\t\t\t\t<li class=\"elementor-icon-list-item\">\n\t\t\t\t\t\t\t\t\t\t\t<a href=\"https:\/\/buddharashmi.org\/?page_id=510\">\n\n\t\t\t\t\t\t\t\t\t\t\t<span class=\"elementor-icon-list-text\">Third Buddhist council<\/span>\n\t\t\t\t\t\t\t\t\t\t\t<\/a>\n\t\t\t\t\t\t\t\t\t<\/li>\n\t\t\t\t\t\t\t\t<li class=\"elementor-icon-list-item\">\n\t\t\t\t\t\t\t\t\t\t\t<a href=\"https:\/\/buddharashmi.org\/?page_id=518\">\n\n\t\t\t\t\t\t\t\t\t\t\t<span class=\"elementor-icon-list-text\">Fourth Buddhist council<\/span>\n\t\t\t\t\t\t\t\t\t\t\t<\/a>\n\t\t\t\t\t\t\t\t\t<\/li>\n\t\t\t\t\t\t\t\t<li class=\"elementor-icon-list-item\">\n\t\t\t\t\t\t\t\t\t\t\t<a href=\"https:\/\/buddharashmi.org\/?page_id=526\">\n\n\t\t\t\t\t\t\t\t\t\t\t<span class=\"elementor-icon-list-text\">Fifth Buddhist council<\/span>\n\t\t\t\t\t\t\t\t\t\t\t<\/a>\n\t\t\t\t\t\t\t\t\t<\/li>\n\t\t\t\t\t\t\t\t<li class=\"elementor-icon-list-item\">\n\t\t\t\t\t\t\t\t\t\t\t<a href=\"https:\/\/buddharashmi.org\/?page_id=534\">\n\n\t\t\t\t\t\t\t\t\t\t\t<span class=\"elementor-icon-list-text\">Sixth Buddhist council<\/span>\n\t\t\t\t\t\t\t\t\t\t\t<\/a>\n\t\t\t\t\t\t\t\t\t<\/li>\n\t\t\t\t\t\t<\/ul>\n\t\t\t\t\t\t<\/div>\n\t\t\t\t<\/div>\n\t\t\t\t\t<\/div>\n\t\t<\/div>\n\t\t\t\t<div class=\"elementor-column elementor-col-50 elementor-top-column elementor-element elementor-element-11270067\" data-id=\"11270067\" data-element_type=\"column\" data-e-type=\"column\">\n\t\t\t<div class=\"elementor-widget-wrap elementor-element-populated\">\n\t\t\t\t\t\t<div class=\"elementor-element elementor-element-5982ad6d elementor-widget elementor-widget-heading\" data-id=\"5982ad6d\" data-element_type=\"widget\" data-e-type=\"widget\" data-widget_type=\"heading.default\">\n\t\t\t\t<div class=\"elementor-widget-container\">\n\t\t\t\t\t<h2 class=\"elementor-heading-title elementor-size-default\">Fourth Buddhist Councils (29 BCE and 78 CE)<\/h2>\t\t\t\t<\/div>\n\t\t\t\t<\/div>\n\t\t\t\t<div class=\"elementor-element elementor-element-5087c7d9 elementor-widget elementor-widget-text-editor\" data-id=\"5087c7d9\" data-element_type=\"widget\" data-e-type=\"widget\" data-widget_type=\"text-editor.default\">\n\t\t\t\t<div class=\"elementor-widget-container\">\n\t\t\t\t\t\t\t\t\t<p>There were two of Fourth Buddhist councils held, one in Tambapanni (Sri Lanka) at Aloka Lena now Alu Vihara during the time of King Vattagamani-Abaya 29 BCE, and another in the Sarvastivada tradition, said to have been convened by the Kushan emperor Kanishka, in 78 CE at Kundalban in Kashmir.<\/p>\t\t\t\t\t\t\t\t<\/div>\n\t\t\t\t<\/div>\n\t\t\t\t<div class=\"elementor-element elementor-element-2f55ac81 elementor-widget elementor-widget-heading\" data-id=\"2f55ac81\" data-element_type=\"widget\" data-e-type=\"widget\" data-widget_type=\"heading.default\">\n\t\t\t\t<div class=\"elementor-widget-container\">\n\t\t\t\t\t<h2 class=\"elementor-heading-title elementor-size-default\">Fourth Buddhist Council in Tambapanni (Sri Lanka)<\/h2>\t\t\t\t<\/div>\n\t\t\t\t<\/div>\n\t\t\t\t<div class=\"elementor-element elementor-element-7e9e03b elementor-widget elementor-widget-text-editor\" data-id=\"7e9e03b\" data-element_type=\"widget\" data-e-type=\"widget\" data-widget_type=\"text-editor.default\">\n\t\t\t\t<div class=\"elementor-widget-container\">\n\t\t\t\t\t\t\t\t\t<p>The Fourth Buddhist Council was held in 29 BCE in Tambapanni, i.e. Sri Lanka, at Aloka Lena now Alu Vihara during the time of King Vattagamani-Abaya. By the time of the Fourth Buddhist councils, Buddhism had long since splintered into different schools.<br \/>\u00a0<br \/>The Dipavamsa states that during the reign of Vattagamani-Abhaya (29\u201317 BCE) the monks who had previously remembered the Tipitaka and its commentary orally now wrote them down in books, because of the threat posed by famine, war, and the growing power of the newly established Abhayagiri Vihara, which enjoyed the king&#8217;s favour. The Mahavamsa also refers briefly to the writing down of the canon and the commentaries at this time.<br \/>\u00a0<br \/>The main reason for its convening was the realization that it was now not possible for the majority of monks to retain the entire Tipitaka in their memories as had been the case formerly for the Venerable Mahinda and those who followed him soon after. Therefore, as the art of writing had, by this time developed substantially it was thought expedient and necessary to have the entire body of the Buddha&#8217;s teaching written down.<br \/>\u00a0<br \/>King Vattagamani supported the monk&#8217;s idea and a council was held specifically to reduce the Tipitaka in its entirety to writing. Therefore, so that the genuine Dhamma might be lastingly preserved, the Venerable Maharakkhita and five hundred monks recited the words of the Buddha and then wrote them down on palm leaves. This remarkable project took place in a cave called, the Aloka Lena, situated in the cleft of an ancient landslip near what is now Matale. Thus, the aim of the Council was achieved and the preservation in writing of the authentic Dhamma was ensured. In the Eighteenth Century, King Vijayarajasiha had images of the Buddha created in this cave.<\/p>\t\t\t\t\t\t\t\t<\/div>\n\t\t\t\t<\/div>\n\t\t\t\t<div class=\"elementor-element elementor-element-7abcd4b0 elementor-widget elementor-widget-heading\" data-id=\"7abcd4b0\" data-element_type=\"widget\" data-e-type=\"widget\" data-widget_type=\"heading.default\">\n\t\t\t\t<div class=\"elementor-widget-container\">\n\t\t\t\t\t<h2 class=\"elementor-heading-title elementor-size-default\">Fourth Buddhist Council in Kashmir<\/h2>\t\t\t\t<\/div>\n\t\t\t\t<\/div>\n\t\t\t\t<div class=\"elementor-element elementor-element-de38e38 elementor-widget elementor-widget-text-editor\" data-id=\"de38e38\" data-element_type=\"widget\" data-e-type=\"widget\" data-widget_type=\"text-editor.default\">\n\t\t\t\t<div class=\"elementor-widget-container\">\n\t\t\t\t\t\t\t\t\t<p>Another Fourth Buddhist Council was held in the Sarvastivada tradition, said to have been convened by the Kushan emperor Kanishka, in 78 CE at Kundalban in Kashmir. It is said that Kanishka gathered five hundred Bhikkhus in Kashmir, headed by Vasumitra, to systematize the Sarvastivadin Abhidharma texts, which were translated from earlier Prakrit vernacular languages (such as Gandhari in Kharosthi script) into the classical language of Sanskrit. It is said that during the council three hundred thousand verses and over nine million statements were compiled, a process which took twelve years to complete. Although the Sarvastivada are no longer extant as an independent school, its traditions were inherited by the Mahayana tradition.<br \/>\u00a0<br \/>It is said that for the Fourth Council of Kashmir, Kanishka gathered 500 monks headed by Vasumitra, partly, it seems, to compile extensive commentaries on the (Sarvastivadin Abhidharma, although it is possible that some editorial work was carried out upon the existing canon itself. The main fruit of this Council was the vast commentary known as the Mah\u0101-Vibh\u0101sh\u0101 (&#8220;Great Exegesis&#8221;), an extensive compendium and reference work on a portion of the Sarv\u0101stiv\u0101din Abhidharma.<br \/>\u00a0<br \/>Scholars believe that it was also around this time that a significant change was made in the language of the Sarv\u0101stiv\u0101din canon, by converting an earlier Prakrit version into Sanskrit. Although this change was probably effected without significant loss of integrity to the canon, this event was of particular significance since Sanskrit was the official holy language of Brahmanism in India, and was also being used by other thinkers (regardless of their specific religious or philosophical allegiance), thus enabling a far wider audience to gain access to Buddhist ideas and practices.<br \/>\u00a0<br \/>For this reason, all major (Sarvastivad and Mahayana) Buddhist scholars in India thereafter wrote their commentaries and treatises in Sanskrit. Theravada however never switched to Sanskrit; the language of the Theravadin scriptures (Pali) came to be regarded as the natural language, the root language of all beings.<\/p>\t\t\t\t\t\t\t\t<\/div>\n\t\t\t\t<\/div>\n\t\t\t\t\t<\/div>\n\t\t<\/div>\n\t\t\t\t\t<\/div>\n\t\t<\/section>\n\t\t\t\t<\/div>\n\t\t","protected":false},"excerpt":{"rendered":"<p>Related Pages Introduction to Buddhist Councils First Buddhist council Second Buddhist council Third Buddhist council Fourth Buddhist council Fifth Buddhist council Sixth Buddhist council Fourth Buddhist Councils (29 BCE and 78 CE) There were two of Fourth Buddhist councils held, one in Tambapanni (Sri Lanka) at Aloka Lena now Alu Vihara during the time of [&hellip;]<\/p>\n","protected":false},"author":1,"featured_media":0,"parent":0,"menu_order":0,"comment_status":"closed","ping_status":"closed","template":"elementor_header_footer","meta":{"nf_dc_page":"","_monsterinsights_skip_tracking":false,"_monsterinsights_sitenote_active":false,"_monsterinsights_sitenote_note":"","_monsterinsights_sitenote_category":0,"site-sidebar-layout":"no-sidebar","site-content-layout":"page-builder","ast-site-content-layout":"default","site-content-style":"default","site-sidebar-style":"default","ast-global-header-display":"","ast-banner-title-visibility":"","ast-main-header-display":"","ast-hfb-above-header-display":"","ast-hfb-below-header-display":"","ast-hfb-mobile-header-display":"","site-post-title":"disabled","ast-breadcrumbs-content":"","ast-featured-img":"disabled","footer-sml-layout":"","ast-disable-related-posts":"","theme-transparent-header-meta":"","adv-header-id-meta":"","stick-header-meta":"","header-above-stick-meta":"","header-main-stick-meta":"","header-below-stick-meta":"","astra-migrate-meta-layouts":"default","ast-page-background-enabled":"default","ast-page-background-meta":{"desktop":{"background-color":"var(--ast-global-color-4)","background-image":"","background-repeat":"repeat","background-position":"center center","background-size":"auto","background-attachment":"scroll","background-type":"","background-media":"","overlay-type":"","overlay-color":"","overlay-opacity":"","overlay-gradient":""},"tablet":{"background-color":"","background-image":"","background-repeat":"repeat","background-position":"center center","background-size":"auto","background-attachment":"scroll","background-type":"","background-media":"","overlay-type":"","overlay-color":"","overlay-opacity":"","overlay-gradient":""},"mobile":{"background-color":"","background-image":"","background-repeat":"repeat","background-position":"center center","background-size":"auto","background-attachment":"scroll","background-type":"","background-media":"","overlay-type":"","overlay-color":"","overlay-opacity":"","overlay-gradient":""}},"ast-content-background-meta":{"desktop":{"background-color":"var(--ast-global-color-5)","background-image":"","background-repeat":"repeat","background-position":"center center","background-size":"auto","background-attachment":"scroll","background-type":"","background-media":"","overlay-type":"","overlay-color":"","overlay-opacity":"","overlay-gradient":""},"tablet":{"background-color":"var(--ast-global-color-5)","background-image":"","background-repeat":"repeat","background-position":"center center","background-size":"auto","background-attachment":"scroll","background-type":"","background-media":"","overlay-type":"","overlay-color":"","overlay-opacity":"","overlay-gradient":""},"mobile":{"background-color":"var(--ast-global-color-5)","background-image":"","background-repeat":"repeat","background-position":"center center","background-size":"auto","background-attachment":"scroll","background-type":"","background-media":"","overlay-type":"","overlay-color":"","overlay-opacity":"","overlay-gradient":""}},"footnotes":""},"class_list":["post-518","page","type-page","status-publish","hentry"],"_links":{"self":[{"href":"https:\/\/buddharashmi.org\/index.php?rest_route=\/wp\/v2\/pages\/518","targetHints":{"allow":["GET"]}}],"collection":[{"href":"https:\/\/buddharashmi.org\/index.php?rest_route=\/wp\/v2\/pages"}],"about":[{"href":"https:\/\/buddharashmi.org\/index.php?rest_route=\/wp\/v2\/types\/page"}],"author":[{"embeddable":true,"href":"https:\/\/buddharashmi.org\/index.php?rest_route=\/wp\/v2\/users\/1"}],"replies":[{"embeddable":true,"href":"https:\/\/buddharashmi.org\/index.php?rest_route=%2Fwp%2Fv2%2Fcomments&post=518"}],"version-history":[{"count":5,"href":"https:\/\/buddharashmi.org\/index.php?rest_route=\/wp\/v2\/pages\/518\/revisions"}],"predecessor-version":[{"id":572,"href":"https:\/\/buddharashmi.org\/index.php?rest_route=\/wp\/v2\/pages\/518\/revisions\/572"}],"wp:attachment":[{"href":"https:\/\/buddharashmi.org\/index.php?rest_route=%2Fwp%2Fv2%2Fmedia&parent=518"}],"curies":[{"name":"wp","href":"https:\/\/api.w.org\/{rel}","templated":true}]}}